when 573 is divided by (-2)/16 - 1*(-925)/40?
21
Suppose -3*u - 23 = -104. Let b be 105735/106*(2 - 8/6). Suppose 0*w - 5*w = -b. What is the remainder when w is divided by u?
25
Let v(o) = -2*o**2 - 19*o - 25. Let q(r) = 64*r**3 + 2*r - 1. Calculate the remainder when q(1) is divided by v(-6).
14
Let n(c) be the second derivative of -c**4/12 + c**3/2 + c**2 + 7*c. Let k be n(-7). Let g = -30 - k. Calculate the remainder when g is divided by 10.
8
Suppose 8591 = 8*j - 3*j - 2*p, 2*j - 3428 = -2*p. Calculate the remainder when 3466 is divided by j.
32
Let q be 8/(-28) - 2*4/(-28). Suppose q = -3*m - 9, 2*g = m + 10 - 1. Suppose g*t = 32 + 31. What is the remainder when 83 is divided by t?
20
Let l = -4817 - -4865. Suppose -j + 93 = -2*s, -4*j = -2*j - 3*s - 185. What is the remainder when j is divided by l?
43
Suppose -3*m = 5*s - 221, 3*s - 107 = -950*m + 945*m. Suppose 5*r - 480 = 2445. What is the remainder when r is divided by s?
46
Let s = -233 + 318. Let f = s + -37. What is the remainder when 138 is divided by f?
42
Let h(x) = 3*x**2 + 31*x - 62. What is the remainder when h(-19) is divided by 56?
40
Suppose -7514 = 45*o - 9764. Calculate the remainder when 3945 is divided by o.
45
Let m(v) = v**3 + 18*v**2 + 34*v + 42. Suppose 0 = -4*j + p + 21 - 83, 5*p = -10. What is the remainder when 227 is divided by m(j)?
7
Let j = 39 - 33. Suppose -5*q + j = -2*q. Suppose q*i - 68 = -16. Calculate the remainder when i is divided by 15.
11
Suppose 2*m = 4*v - 82, -5*v + 7*m = 3*m - 104. What is the remainder when 819/14*(0 + 2) is divided by v?
17
What is the remainder when (-3 - -4)/((-1)/(-196 - 10)) is divided by 77?
52
Suppose -8*s = -15*s - 35, -3*o + 4*s = -98. Calculate the remainder when 181 is divided by o.
25
Let y = -2191 - -2794. What is the remainder when y is divided by 212?
179
Let j = 22777 - 16136. Calculate the remainder when j is divided by 73.
71
Suppose -w + 24*j + 2 = 22*j, 2*j = 5*w - 10. Suppose 3*v - w*c - 36 = 0, -3*v + 3*c = -18 - 15. What is the remainder when 83 is divided by v?
13
Let q(v) = -7*v + 7*v**2 + v**3 - 18 + 15*v - 7*v + 0*v. What is the remainder when 66 is divided by q(-6)?
6
Suppose 21527 = 25*r - 7*r - 7*r. Calculate the remainder when r is divided by 49.
46
Let m(v) = -9*v - 57. Let h(o) = -5*o - 27. Let l be h(-4). Let p = 15 + 2. Calculate the remainder when p is divided by m(l).
5
Suppose 14*l - 324 = 10*l. Suppose -n = -2*u + 6*u - l, 0 = 4*u - 2*n - 90. What is the remainder when 79 is divided by u?
16
Let s(i) = 27*i**2 - 58*i - 260. Let c(v) = 9*v**2 - 20*v - 87. Let a(p) = -17*c(p) + 6*s(p). What is the remainder when a(-5) is divided by 37?
36
Suppose -9*z + 4*g - 2910 = -14*z, 601 = z - 3*g. Calculate the remainder when 1772 is divided by z.
14
Let d(n) = -13*n + 67. Let z(i) = -10*i + 65. Let m(w) = -4*d(w) + 5*z(w). What is the remainder when m(33) is divided by 38?
9
What is the remainder when 609 is divided by 27/(-198) - (-436500)/792?
58
Let a(u) = u**3 + 8*u**2 - u - 33. What is the remainder when 2157 is divided by a(-5)?
42
Suppose 3*v + 89 = 4*j, 4*v = j - 2*j + 27. Let h(t) = -2*t + 9. Let y be h(3). Suppose -17 = -y*a + 10. Calculate the remainder when j is divided by a.
5
Suppose -59*o - 209 = -62*o - 4*d, 6*d = -o + 107. Let c be -1*(-1 + 2) + -1. Calculate the remainder when o is divided by 2 - c*(3 + 1).
9
Let o = -21 + 40. Suppose 50*y - 237 - 170 = -107. What is the remainder when o is divided by y?
1
Let f = 18 - 19. Let d be ((f + -1)*-1)/((-6)/9). What is the remainder when (4 + 3/d)*33 is divided by 13?
8
Let g be (1/(-2))/(5/(-1010)). Let t = g + -68. What is the remainder when t is divided by 7?
5
Suppose 0 = -31*w + 30*w + 3*c + 50, 0 = 4*c - 24. Let l be (-278)/6 - (-2)/6. Calculate the remainder when w is divided by (-12)/3*l/8.
22
Let c(y) = y**3 + 9*y**2 + 3*y - 9. Let j = 13 - 10. Suppose 5*g + 30 = j*o - 10, -4*o = 0. Calculate the remainder when c(g) is divided by 8.
7
Let a = 36591 + -35222. Calculate the remainder when a is divided by 64.
25
Suppose -3*k + 7*k = 2180. What is the remainder when (-2)/(((-20)/k)/2) is divided by 28?
25
Suppose 129 = 4*w + 141. Let d(n) = 10*n**2 + 14*n + 20. What is the remainder when d(w) is divided by 23?
22
Let u(v) = 43*v**2 + 987*v + 26. What is the remainder when (-551)/(-4) + (-1)/(-4) is divided by u(-23)?
66
Let f(k) = k**3 + 8*k**2 + 7*k + 8. Let n be -2 - 1/(3/9). Let s be f(n). Let i = s - 35. What is the remainder when 64 is divided by i?
12
Let m(g) = 3*g - 6. Let t be m(-1). Let x(r) = -15*r + 30. Calculate the remainder when x(t) is divided by (30/5)/((-12)/(-56)).
25
Suppose 0 = g + 2*h - 81, -13*g + 2*h = -18*g + 365. Calculate the remainder when 206 is divided by g.
64
Let s = 84 + 83. Let t(x) = -19*x**2 + 83 + 2*x**3 - s + 78 - 7*x. What is the remainder when 69 is divided by t(10)?
21
Let a = 9741 - 9725. Let o(g) = -6*g**2 + 41*g - 36. Let l(i) = -i**2 + i. Let d(p) = -4*l(p) + o(p). What is the remainder when d(a) is divided by 16?
12
Suppose -3*p + 4*v + 70 = 0, 2*v - 34 = -p - 2*v. Suppose -5*s = -1 + p. Let h = s + 18. What is the remainder when 48 is divided by h?
9
Let u(d) = -4*d - 4. Suppose -2*j - 3 + 1 = 0. Let m be u(j). Suppose m = 10*i - 190 - 80. What is the remainder when i is divided by 10?
7
Let c(b) = -13*b + 98. Suppose -3*m - d + 65 = 42, -3*m + 5*d + 11 = 0. Calculate the remainder when 214 is divided by c(m).
4
Let k be (6/(-9))/(-2*(-5)/(-300)). Let u(r) = r**3 - 23*r**2 + 65*r - 28. What is the remainder when u(k) is divided by 13?
7
Let f be (-98)/21*900/35. Let n = f - -169. Calculate the remainder when 144 is divided by n.
46
Let m = -23 - -27. Suppose m*w + 144 = -4*w. What is the remainder when w/(1/(5/(-10))) is divided by 5?
4
Suppose -9889 - 10465 = -160*a + 766. Let o = -38 - -53. What is the remainder when a is divided by o?
12
Let u(a) = -a**3 - 53*a**2 + 9*a + 15. Let b(m) = -m. Let w(c) = -4*b(c) - u(c). What is the remainder when w(-53) is divided by 63?
61
Let p = -373 - -354. Calculate the remainder when (5*-1)/(p/38) is divided by 6.
4
Suppose -10 = -0*m - m + 3*j, -m - 2*j + 5 = 0. Let k = -13 - -222. Let b = k + -190. Calculate the remainder when b is divided by m.
5
Suppose -3*u = -2*o - 655 + 318, 2*o + 452 = 4*u. Calculate the remainder when u is divided by 47.
21
Let i = 1 + -4. What is the remainder when ((-44)/(-8))/(i/(-6)) is divided by (-1)/(-3 - -2) + -10 + 14?
1
Let l(a) be the third derivative of a**4/24 + 14*a**3/3 - 21*a**2. Let c be l(-16). What is the remainder when 150 is divided by (c + -3)/3*76/6?
36
Suppose 2*o + 48 - 56 = 0. Suppose 3*z - 224 = -4*d, 9*z - o + 21 = d. Calculate the remainder when 135 is divided by d.
29
Suppose -8*d + 9670 - 9454 = 0. Calculate the remainder when 205 is divided by d.
16
Suppose -l = 5*k - 817, -35*k + 39*k - 660 = -4*l. Calculate the remainder when k is divided by 33.
31
Suppose 4*h = 3*w - 14, 2*w + 8 = 5*w - h. Suppose -4*s + 3*o + 40 = 0, 0 = -2*s - 3*o + w - 0. Calculate the remainder when 11 is divided by s.
4
Let o be ((-1566)/(-63))/(4/14). Let m = 104 - o. Calculate the remainder when 24 is divided by m.
7
Let a(y) = 27*y**2 + y. Let j(z) be the third derivative of 7*z**4/6 + 25*z**3/6 + 35*z**2. What is the remainder when j(4) is divided by a(1)?
25
Let j(y) = 5*y**2 + 21*y - 5. Suppose 104*k - 98*k = -30. Calculate the remainder when j(k) is divided by 8.
7
Let c(k) = k**3 - 4*k**2 - 13*k + 13. Let l(x) = -x**3 - 9*x - 20. Let g be l(-2). Calculate the remainder when 89 is divided by c(g).
5
Suppose 4*a - 4110 = 674. Suppose 3*d + 3*s = -0*d + 708, -a = -5*d - s. Suppose -2*h - 2*h + d = 0. Calculate the remainder when h is divided by 32.
28
Suppose 0 = 9*b + 7*b - 18770 - 34190. Calculate the remainder when b is divided by 51.
46
Let z(p) = 2*p**3 - 67*p**2 - 33*p + 329. Calculate the remainder when z(34) is divided by 74.
67
Suppose 3*x - 526 = 32. Let c = -130 + x. Let m = c - 33. Calculate the remainder when m is divided by 13.
10
Suppose -12*c + 31089 + 91983 = 0. Suppose 0 = -43*o + c + 5697. What is the remainder when o is divided by 62?
61
Let z(i) = 48*i**3 - i**2 - 63*i + 131. What is the remainder when 910 is divided by z(2)?
140
Suppose 221*r + 6034 = 214*r. Let u = 927 + r. Calcula